, 13, 17, 53, 71, 83
What are the prime factors of 811843444?
2, 202960861
List the prime factors of 139772573.
887, 157579
List the prime factors of 443696105.
5, 23, 271, 619
List the prime factors of 518320801.
23, 313, 71999
What are the prime factors of 522807653?
31, 461, 36583
List the prime factors of 21266329.
7, 23, 5743
What are the prime factors of 1304529227?
19, 43, 47, 53, 641
List the prime factors of 244024235.
5, 7, 13, 47, 11411
List the prime factors of 667874140.
2, 5, 1877, 17791
List the prime factors of 21957118.
2, 29, 378571
List the prime factors of 5381450.
2, 5, 43, 2503
List the prime factors of 140231796.
2, 3, 11685983
What are the prime factors of 88865146?
2, 23, 1931851
List the prime factors of 42777967.
17, 2516351
List the prime factors of 5040964882.
2, 17, 3329, 44537
What are the prime factors of 8612746?
2, 4306373
What are the prime factors of 9608194?
2, 397, 12101
List the prime factors of 4870396996.
2, 19, 29, 47, 47017
List the prime factors of 28012445.
5, 5602489
What are the prime factors of 1986763080?
2, 3, 5, 2423, 6833
List the prime factors of 44208509.
211, 209519
List the prime factors of 63008748.
2, 3, 11, 159113
List the prime factors of 1145265570.
2, 3, 5, 1063, 11971
List the prime factors of 2110148206.
2, 167, 829, 7621
List the prime factors of 161127413.
61, 2641433
What are the prime factors of 25879960?
2, 5, 73, 8863
What are the prime factors of 126746831?
126746831
List the prime factors of 1001931048.
2, 3, 13915709
What are the prime factors of 2500903266?
2, 3, 9907, 42073
List the prime factors of 80999386.
2, 13, 3115361
List the prime factors of 2622442962.
2, 3, 3083, 141769
List the prime factors of 324929760.
2, 3, 5, 676937
List the prime factors of 267189637.
11, 13, 1868459
List the prime factors of 1518323867.
1518323867
What are the prime factors of 78812477?
167, 471931
List the prime factors of 1327172443.
29, 5081, 9007
List the prime factors of 412308021.
3, 17, 8084471
What are the prime factors of 17581081?
7, 151, 16633
What are the prime factors of 1097316205?
5, 1327, 165383
What are the prime factors of 423236034?
2, 3, 13, 29, 47, 1327
List the prime factors of 55025604.
2, 3, 479, 3191
What are the prime factors of 23930100?
2, 3, 5, 8863
What are the prime factors of 4898425190?
2, 5, 37, 13238987
List the prime factors of 1142001814.
2, 83, 1873, 3673
List the prime factors of 649236799.
649236799
What are the prime factors of 2382627039?
3, 13, 331, 184571
List the prime factors of 5588423914.
2, 1759, 1588523
List the prime factors of 2498958246.
2, 3, 29, 14361829
List the prime factors of 2018233324.
2, 199, 2535469
What are the prime factors of 2023537647?
3, 17383, 38803
What are the prime factors of 235099496?
2, 29387437
List the prime factors of 1217600297.
7883, 154459
What are the prime factors of 1797120734?
2, 167, 709, 7589
List the prime factors of 247918321.
7, 35416903
List the prime factors of 199236631.
11, 109, 166169
List the prime factors of 55492757.
3557, 15601
List the prime factors of 107304217.
71, 1511327
List the prime factors of 1701569055.
3, 5, 29, 3911653
What are the prime factors of 66428830?
2, 5, 13, 23, 1709
List the prime factors of 665330739.
3, 41, 83, 65171
What are the prime factors of 47149091?
11, 4286281
List the prime factors of 177017527.
9283, 19069
What are the prime factors of 8240317091?
8240317091
List the prime factors of 2867569956.
2, 3, 79654721
What are the prime factors of 5127899152?
2, 163, 1966219
What are the prime factors of 2099373512?
2, 41, 131, 48859
List the prime factors of 423046715.
5, 7, 13, 37, 1933
List the prime factors of 988536381.
3, 7, 4493, 10477
List the prime factors of 101575111.
11, 9234101
List the prime factors of 3002480488.
2, 7, 103, 74363
What are the prime factors of 81192512?
2, 1268633
List the prime factors of 5751130043.
47, 122364469
What are the prime factors of 130517239?
251, 519989
What are the prime factors of 90272451?
3, 137, 239, 919
List the prime factors of 39651931.
11, 23, 156727
List the prime factors of 476821262.
2, 61, 3908371
What are the prime factors of 5217159669?
3, 19, 91529117
What are the prime factors of 37173710?
2, 5, 7, 47, 11299
What are the prime factors of 6811744213?
61099, 111487
List the prime factors of 992319685.
5, 7, 28351991
What are the prime factors of 20074632?
2, 3, 59, 14177
What are the prime factors of 288553586?
2, 47, 821, 3739
What are the prime factors of 129435245?
5, 3581, 7229
What are the prime factors of 141186701?
19, 97, 76607
What are the prime factors of 65310014?
2, 7, 11, 424091
What are the prime factors of 214026135?
3, 5, 97, 147097
What are the prime factors of 41569039?
41, 1013879
What are the prime factors of 436536727?
11, 17, 2334421
What are the prime factors of 1540005530?
2, 5, 7, 103, 167, 1279
List the prime factors of 4311898508.
2, 389, 2771143
List the prime factors of 1789006322.
2, 17, 52617833
What are the prime factors of 26358571?
2237, 11783
What are the prime factors of 70377577?
19, 29, 127727
List the prime factors of 248773781.
829, 300089
What are the prime factors of 1224169161?
3, 37, 11028551
What are the prime factors of 98073265?
5, 23, 113, 7547
List the prime factors of 129511163.
19, 2039, 3343
What are the prime factors of 483648155?
5, 179, 540389
List the prime factors of 199339167.
3, 66446389
List the prime factors of 975211486.
2, 41, 11892823
List the prime factors of 371033120.
2, 5, 2318957
List the prime factors of 133104750.
2, 3, 5, 177473
What are the prime factors of 712368925?
5, 151, 188707
What are the prime factors of 602490439?
602490439
List the prime factors of 268637228.
2, 571, 117617
List the prime factors of 3251285203.
7901, 411503
List the prime factors of 32314410.
2, 3, 5, 29, 4127
List the prime factors of 4068379046.
2, 139, 1381, 10597
List the prime factors of 259708601.
29, 521, 17189
What are the prime factors of 136447556?
2, 7, 263, 2647
What are the prime factors of 364241072?
2, 13, 31, 56489
What are the prime factors of 30626035?
5, 11, 67, 8311
What are the prime factors of 118686683?
239, 631, 787
List the prime factors of 871604423.
19, 45873917
What are the prime factors of 42381995?
5, 8476399
What are the prime factors of 18892668?
2, 3, 883, 1783
List the prime factors of 303342963.
3, 7, 11, 113, 11621
What are the prime factors of 16710870?
2, 3, 5, 11, 79, 641
What are the prime factors of 6977694?
2, 3, 23, 59, 857
List the prime factors of 274392334.
2, 7817, 17551
List the prime factors of 52334018.
2, 11, 19, 125201
List the prime factors of 128031671.
19, 131, 51439
List the prime factors of 2239459064.
2, 109, 2568187
What are the prime factors of 8011430322?
2, 3, 7, 29, 563, 1669
What are the prime factors of 972457533?
3, 167, 647011
List the prime factors of 1560272.
2, 7, 13931
What are the prime factors of 214036529?
7, 71, 127, 3391
List the prime factors of 1102986034.
2, 43, 12825419
List the prime factors of 258009445.
5, 51601889
List the prime factors of 58480657.
58480657
What are the prime factors of 576843468?
2, 3, 37, 67, 19391
List the prime factors of 42659612.
2, 43, 248021
List the prime factors of 400635009.
3, 67, 664403
What are the prime factors of 473715128?
2, 103, 547, 1051
List the prime factors of 180301061.
4789, 37649
What are the prime factors of 36137895?
3, 5, 2409193
List the prime factors of 197386957.
197386957
List the prime factors of 1973650231.
7, 127, 193, 11503
What are the prime factors of 41876683?
61, 686503
What are the prime factors of 473882706?
2, 3, 11, 217577
List the prime factors of 487783113.
3, 162594371
What are the prime factors of 37004227?
13, 2846479
List the prime factors of 169472181.
3, 199, 283873
List the prime factors of 84433203.
3, 17, 239, 2309
What are the prime factors of 47916528?
2, 3, 11, 151, 601
List the prime factors of 119521607.
119521607
List the prime factors of 155460852.
2, 3, 17, 254021
List the prime factors of 32234147.
11, 557, 5261
List the prime factors of 24250586.
2, 12125293
List the prime factors of 105506239.
105506239
What are the prime factors of 289374433?
41, 331, 21323
What are the prime factor